ivative of -j**3/3 - j**2/2 + 17*j - 5. What are the prime factors of l(0)?
17
Suppose 27 + 65 = y. List the prime factors of y.
2, 23
Let o = -15 + 31. Let a = o + -4. List the prime factors of a.
2, 3
Suppose 707 = 2*g + 287. List the prime factors of g.
2, 3, 5, 7
Let t(i) = 10*i**2 + 2*i + 17. What are the prime factors of t(-5)?
257
Let r = 1791 - 151. What are the prime factors of ((-1)/4)/((-10)/r)?
41
Suppose -5*a = 5*b + 45, -2*b + 51 = -3*a + b. Let c = 31 + a. What are the prime factors of c?
2, 3
Let h(k) be the first derivative of -k**2 - 4*k + 2. Let m(u) = -u**3 + 6*u**2 - 5. Let f be m(6). What are the prime factors of h(f)?
2, 3
Let z = 102 + -67. What are the prime factors of z?
5, 7
Let l(s) = s**2 - s. Let v(h) = h**3 + 7*h**2 - 4*h - 1. Let w(z) = -4*l(z) + v(z). Let y be w(-3). Let r = y - -5. List the prime factors of r.
2
Let k = 18 - 6. List the prime factors of ((-16)/k)/(2/(-15)).
2, 5
Let b(z) be the first derivative of -z**4/4 + 2*z**3 - 3*z**2 + 3*z + 1. What are the prime factors of b(4)?
11
Let d be ((-2)/(-6))/(8/(-24)). Let a = 10 - d. What are the prime factors of a?
11
What are the prime factors of (2*17)/((-26)/(-39))?
3, 17
Let l(t) = -5*t - 8. Let h be (-1)/(-2)*(12 - 6). Let x be (2*-1)/(h/9). What are the prime factors of l(x)?
2, 11
Let w(n) = 2*n**2 - 7*n - 9. What are the prime factors of w(8)?
3, 7
Suppose -5*a + 60 = -a. Suppose 0 = -3*j + a. List the prime factors of j.
5
Suppose 0 = -m + 3*q + 173, -3*m + 4*q + 494 = -0*q. Suppose l + m = -5*n, 5*n - 11 = 5*l - 181. What are the prime factors of (n + 2)*2/(-5)?
2, 3
Let s(k) = -k**3 - 7*k**2 - 9*k - 10. What are the prime factors of s(-7)?
53
Let j(o) be the third derivative of o**5/30 + 2*o**2. Let p be j(-1). Suppose 4*g + 3 + 3 = p*d, -3*g = -d + 1. What are the prime factors of d?
7
Let j(g) = -2*g - g**2 - 6 - 2*g - 5*g**2 + 7*g**2. List the prime factors of j(6).
2, 3
What are the prime factors of (-56)/(-35)*(-70)/(-4)?
2, 7
Suppose -11*o + 6*o = -230. What are the prime factors of o?
2, 23
Suppose 3*g - 5*p = 604, 5*g = p + 1102 - 110. What are the prime factors of g?
2, 3, 11
Let g = -40 - -92. What are the prime factors of g?
2, 13
Let n = -25 - -13. List the prime factors of (-1)/(-1*(-1)/n).
2, 3
Let w(y) = y**2 - 14*y + 23. What are the prime factors of w(21)?
2, 5, 17
Let f(a) = -1. Let i(v) = -v - 6. Let k(w) = -11*f(w) + 2*i(w). What are the prime factors of k(-3)?
5
Suppose 0 = -3*f + 858 - 69. What are the prime factors of f?
263
Suppose 0 = -2*t - 2*t - 2*s + 52, 3*t = 4*s + 17. What are the prime factors of t?
11
Let o(x) = -x**2 - 38*x - 63. What are the prime factors of o(-14)?
3, 7, 13
Suppose 4*c + 44 + 22 = -2*p, -3*p + 3 = 0. Let i = c - -35. What are the prime factors of i?
2, 3
Let j(s) = -s**2 - 7*s + 5. Let h be j(-8). List the prime factors of -5*((-6)/(-3) + h).
5
Let h(t) = 6*t + 3 + 1 - 10. Let g be h(6). Suppose 4*y - g = y. What are the prime factors of y?
2, 5
Let z(c) = c**3 + c**2 - 2*c + 9. What are the prime factors of z(0)?
3
Let v = -3 + -5. Let q(j) = -2 - 5 - 2*j - 3. List the prime factors of q(v).
2, 3
Let m(v) = -v**2 - 6*v - 5. Let b be m(-4). Let l be (b/(-2))/(3/(-6)). Suppose s = 3*g + 8, -g - 2 = -l*g. List the prime factors of s.
11
Let h be 0*(-3 + 3 + -1). Let x be 1*(1 + -22 - h). What are the prime factors of (4/(-2))/(6/x)?
7
Let p be (-75)/(-10)*(-8)/(-10). List the prime factors of 6 + p/(2 - 5).
2
Suppose 0 = -2*v - 0*v + 6. Suppose -5*h = -v*h - 38. List the prime factors of h.
19
Let x(g) = -g**2 + 7*g - 5. Let t(f) = f**2 - f + 2. Let n be t(0). Suppose -n = -o + 3. List the prime factors of x(o).
5
Let x(y) = 4*y**2 - 4*y + 1. List the prime factors of x(3).
5
Let k(s) = -s**3 - 5*s**2 + s + 7. Let b be 10/(-4)*2/1. Let h be k(b). Suppose 3*y - 35 = -5*c - h*y, -6 = 3*y. What are the prime factors of c?
3
Let a(t) be the second derivative of -t**5/4 + t**3/3 - t**2/2 + 5*t. What are the prime factors of a(-2)?
5, 7
Let j(v) = -4*v + 7. Let n be j(-7). Suppose -i - i + 21 = -t, -t - 5*i - n = 0. Let p = t - -37. What are the prime factors of p?
2, 3
Let n(y) = 6*y - 5. Let h(b) = -b. Let d(g) = 6*h(g) + 2*n(g). List the prime factors of d(7).
2
Suppose -3*b - 105 + 23 = 5*n, -4*n - 44 = -3*b. Let x = 34 + n. List the prime factors of x.
2, 5
Suppose -2 = -s - 0. Suppose -t = -1 - s. What are the prime factors of t?
3
Let n(w) = -4*w + 1. Let j be n(-2). Let k = j - 1. Suppose 0 = 2*i - 5*a + 1, -k + 2 = -2*a. What are the prime factors of i?
7
Suppose 4*v + 44 = 4*o, 3*v - 108 = -5*o - 29. Suppose -34 - o = -2*r. What are the prime factors of r?
2, 3
Suppose -3*g - 6*a = -4*a - 203, 0 = -g + 5*a + 79. What are the prime factors of g?
3, 23
Let a(u) = 35*u - 14. What are the prime factors of a(3)?
7, 13
Suppose -3*p - 62 = -2*a, 4*a + 5*p = 1 + 79. Let o be 5/(a/(-4))*-5. What are the prime factors of -1 - (-3*o)/1?
11
Let q = -7 - -6. Let l = 1 - q. Suppose 5*s + 4*v = 39, l*v - 47 = -5*s - 0*s. List the prime factors of s.
11
Suppose 279 = 4*s - 41. List the prime factors of s.
2, 5
Suppose -174 = -5*f - 4*g - 32, 15 = 5*g. What are the prime factors of f?
2, 13
Suppose 0 = -4*w - 12. Let l be (w - -7)/((-1)/(-5)). Suppose 1 = 3*c - l. What are the prime factors of c?
7
Let v(w) = 3*w - 485 + 8*w**2 + 477 + w**3 + w. Let j = -10 - -3. What are the prime factors of v(j)?
13
Let h = -415 + 594. What are the prime factors of h?
179
Let m = 10 + -5. Let n = 0 - m. Let i(u) = u**2 + 3*u - 1. What are the prime factors of i(n)?
3
Let g(x) = -6*x**2 - 2*x**2 + 7*x**2 - 4*x - 4*x + 8. Let r(m) = -m**3 + 5*m**2 - 5*m - 4. Let y be r(4). What are the prime factors of g(y)?
2
Let i(f) = 2*f**2 + 4*f + 2. Let j(m) = -6*m**2 - 11*m - 5. Let a(v) = -11*i(v) - 4*j(v). List the prime factors of a(3).
2
Let o(c) = -c**3 + 13*c**2 + 3*c - 5. What are the prime factors of o(13)?
2, 17
Let i(g) be the second derivative of -g**3/6 + 4*g**2 + g. What are the prime factors of i(5)?
3
Let s = 74 + -26. List the prime factors of s.
2, 3
Suppose -2*c + 76 = 2*p, c = 2*c + 5*p - 34. What are the prime factors of c?
3, 13
Suppose -3*s = -2*s - 5. Suppose 3*p + 37 = 2*l, -s*l + 3*p = -12 - 103. List the prime factors of l.
2, 13
Let l be (-62)/4 + 2/4. Let f = 41 + l. Suppose -v - n + 1 = -6, 0 = 5*v + 2*n - f. List the prime factors of v.
2
Let v be (-3)/(-2)*8/6. Suppose 9 = l + v*l. Suppose -2*m + 3 + 16 = -l*b, -5*m - b + 56 = 0. List the prime factors of m.
11
Let a(x) = x + 2. Let h be a(0). What are the prime factors of (6 + -4)*h/2?
2
Let h = 204 + -121. What are the prime factors of h?
83
Let y(c) = c**3 - 4*c**2 + 3*c. Let v be y(3). Suppose -2*p - 11 - 19 = v. Let f = p + 24. What are the prime factors of f?
3
Let s(d) = 2*d**2 - 14*d + 1. What are the prime factors of s(11)?
89
Let l(d) = -d**3 - 7*d**2 - 3*d - 7. Let b be l(-7). Let s = b - 10. Suppose 3*z - 22 = -5*k, -s*k - 5*z + 13 = -15. What are the prime factors of k?
2
Let l(q) = 11*q - 3. Let n be l(-3). Let d = -16 - n. List the prime factors of d.
2, 5
Suppose 4*a + 44 = -0*a. Let r = -9 - a. Suppose 9 = l + r*l. What are the prime factors of l?
3
Suppose -11 = f - 1. Let m = 33 + f. What are the prime factors of m?
23
Let p be 6/27 + (-61)/(-9). Suppose -3*z = -p*z + 12. Suppose 3 = -z*d + 4*d. What are the prime factors of d?
3
Let r = -61 - -86. What are the prime factors of r?
5
Let n(d) = -d**3 - 10*d**2 - 2*d - 11. Let a be n(-10). Let v be (a/(-6))/(2/8). List the prime factors of 9 + (-5)/(10/v).
2, 3
Suppose 0 = 3*t - 3*c - 84 - 384, 4*c - 324 = -2*t. What are the prime factors of t?
2, 79
Let l(b) = b**3 - b + 42. What are the prime factors of l(0)?
2, 3, 7
Let n = -14 - -3. Suppose 2*s = 3*t - 27 - 31, -5*s + 45 = 2*t. Let a = n + t. What are the prime factors of a?
3
What are the prime factors of 22/(-154) + 1317/7?
2, 47
Let b = -20 + 27. List the prime factors of b.
7
Suppose -c + 2*s - 6 = 2*c, -4*c + s = 3. Suppose -4*q + 93 - 25 = c. What are the prime factors of q?
17
Let a be (0 - 9)*2/(-6). What are the prime factors of 82/a + 4/6?
2, 7
What are the prime factors of 4/(-3)*(0 - 18/4)?
2, 3
Let z(u) = -u - 8. Let m be z(-9). Suppose 4*h - 9 + m = 0. What are the prime factors of h?
2
Let m(p) = 25*p**3 + 2*p + 2. 